se 16?
7fe49d
Convert -23050331 (base 6) to base 3.
-1022220001201
1011110001110011110110 (base 2) to base 14
5a5314
What is 112030301111 (base 4) in base 11?
3315294
-2434341 (base 7) to base 8
-1137755
Convert -51dab7 (base 14) to base 13.
-75a8b8
241410512 (base 6) to base 5
2131330340
145733 (base 10) to base 12
70405
Convert a8906c (base 13) to base 14.
751889
-31121311113 (base 4) to base 5
-1344414222
Convert 11202112002 (base 3) to base 2.
10110110111111100
2340131 (base 9) to base 8
4651316
What is 3d695 (base 14) in base 3?
21201211001
454466 (base 9) to base 11
176647
Convert -cd30c0 (base 14) to base 13.
-1599961
What is 11000101000011011 (base 2) in base 7?
600100
Convert 1426a7 (base 16) to base 3.
2111002112200
-325b1 (base 13) to base 5
-10403231
52255126 (base 8) to base 14
168ca10
What is 404220243 (base 5) in base 7?
16606455
What is -2513561 (base 8) in base 11?
-434567
Convert 2152412 (base 7) to base 2.
1000000101100101001
Convert 1066bcd (base 14) to base 5.
3442410313
Convert -10545660 (base 7) to base 4.
-3200123001
-19a191 (base 14) to base 6
-31311043
87578 (base 12) to base 11
112372
What is -504242 (base 8) in base 5?
-20303200
Convert -448189 (base 10) to base 5.
-103320224
What is 1733010 (base 8) in base 9?
850182
Convert 411577 (base 8) to base 15.
2a4ad
Convert -52981a (base 12) to base 4.
-10331331112
What is -15004305 (base 6) in base 14?
-d5561
Convert -103135 (base 6) to base 13.
-3b27
1b8489 (base 12) to base 15
9a923
What is -110000011111001111 (base 2) in base 13?
-6c526
-1fe792 (base 16) to base 11
-11a8a17
Convert -32002231 (base 5) to base 15.
-53be6
What is 47c9d (base 14) in base 4?
222310003
5677228 (base 11) to base 4
211321310323
What is -2202212 (base 12) in base 15?
-87d095
Convert -53464661 (base 7) to base 4.
-101113310111
-424055 (base 7) to base 16
-11ee2
-531225 (base 9) to base 12
-132942
Convert -17bd8 (base 15) to base 11.
-52885
What is 4478c (base 14) in base 12?
80188
1001100100111010 (base 2) to base 6
501334
Convert -10100001010101011111 (base 2) to base 16.
-a155f
-2c75c5 (base 13) to base 6
-35340251
-32232204 (base 5) to base 3
-111220221011
Convert 222303031 (base 5) to base 16.
eee54
-348584 (base 11) to base 2
-10000111000001100110
What is 27470 (base 8) in base 4?
2330320
127b9 (base 12) to base 11
18048
What is 11515535 (base 6) in base 9?
620775
What is 1011302233 (base 4) in base 6?
10043251
94284 (base 14) to base 5
42412403
What is -6208413 (base 10) in base 15?
-8297e3
-7e91a9 (base 15) to base 10
-6055134
Convert -112021102100 (base 3) to base 15.
-583b6
What is -d7339d (base 16) in base 11?
-7a63151
What is -2220200212 (base 4) in base 10?
-690214
Convert 332340234 (base 5) to base 2.
101100001110111100100
-742746 (base 9) to base 14
-b6d4a
What is 772101 (base 8) in base 2?
111111010001000001
What is 100444 (base 12) in base 13?
89713
-336a3 (base 11) to base 6
-1013415
What is -61410220 (base 7) in base 9?
-10576157
-43441311 (base 5) to base 14
-9a71b
What is -110101010111111111 (base 2) in base 5?
-23443443
Convert 40cd74 (base 14) to base 7.
24405504
Convert 111000111011000010 (base 2) to base 9.
384740
Convert -24a441c (base 14) to base 5.
-14001400224
What is 140051020 (base 6) in base 11?
1647271
Convert -31341113 (base 7) to base 11.
-154a014
Convert -340033321 (base 5) to base 12.
-5b8447
What is -239c828 (base 13) in base 14?
-1679b3a
What is -250a061 (base 11) in base 16?
-428e1a
172b08 (base 12) to base 10
399032
-2200220211012 (base 3) to base 12
-59271b
What is -8367372 (base 9) in base 2?
-10001000100001001101100
22604271 (base 8) to base 4
102300202321
Convert -788b64 (base 12) to base 5.
-443020241
-31210001 (base 4) to base 13
-1c394
What is -6a9e (base 16) in base 5?
-1333134
172e0 (base 15) to base 13
28134
-542104312 (base 6) to base 3
-200002202000022
Convert 1021342023 (base 6) to base 5.
10220310213
-661012 (base 8) to base 2
-110110001000001010
Convert 2142083 (base 10) to base 13.
5a0008
What is 12a8a32 (base 13) in base 6?
325523520
What is 226eca (base 15) in base 4?
12101101012
1111011001100101 (base 2) to base 11
43433
What is 4c74b (base 15) in base 11?
157896
What is -41550554 (base 6) in base 4?
-10213321012
1874cb (base 13) to base 12
258597
What is 3b353 (base 12) in base 13?
2b266
What is 20133423 (base 6) in base 12?
237273
-4115142 (base 6) to base 5
-22244323
What is -322212321 (base 4) in base 15?
-4b1dc
-7304a (base 12) to base 16
-24b7a
-afb56 (base 16) to base 5
-141012302
Convert -b8406 (base 12) to base 16.
-3b346
Convert 40171506 (base 8) to base 9.
16810383
Convert 1430540 (base 6) to base 13.
2b344
Convert -40003113 (base 5) to base 4.
-1030121030
56b28a (base 15) to base 2
1111110010010101011010
Convert 4a205a (base 11) to base 12.
323139
Convert -101001011110111111111 (base 2) to base 14.
-275571
What is -15792 (base 16) in base 15?
-1b0d9
Convert 1976370 (base 10) to base 15.
2908d0
Convert 10223013 (base 4) to base 5.
1103033
What is -28080 (base 12) in base 11?
-38687
Convert -21210102112102 (base 3) to base 7.
-50130221
Convert 71001 (base 11) to base 16.
1958b
702914 (base 11) to base 13
307b06
What is -15217331 (base 9) in base 3?
-112020121101001
What is -441274 (base 8) in base 9?
-245207
1e7198 (base 15) to base 9
2723718
-121418b (base 13) to base 7
-65442010
Convert 201320211 (base 4) to base 12.
68399
What is -20102101220 (base 3) in base 15?
-276c6
Convert -54532502 (base 6) to base 12.
-667132
Convert -217698 (base 12) to base 7.
-4342331
What is 12a3454 (base 14) in base 12?
301b516
-100010011100011101110000 (base 2) to base 8
-42343560
Convert 422373 (base 8) to base 3.
21010210011
Convert -33563060 (base 7) to base 3.
-12111111201112
What is 38735 (base 9) in base 10?
26114
1232679 (base 12) to base 16
362c3d
Convert -11023044 (base 5) to base 9.
-154768
1011013231 (base 4) to base 12
117a11
-1300903 (base 12) to base 14
-6d29c7
What is -42122542 (base 6) in base 2?
-100101010110101111110
What is 1027880 (base 12) in base 11?
1797664
Convert -3323254 (base 6) to base 3.
-22110120221
-2832d2 (base 15) to base 11
-1101487
204360255 (base 7) to base 9
24628256
223002212 (base 4) to base 5
21120134
10110110000110011010 (base 2) to base 12
2bb78a
36777 (base 11) to base 7
310024
Convert -174acb (base 14) to base 12.
-33654b
Convert 1100001001001111101001 (base 2) to base 12.
1096435
271c8b0 (base 13) to base 16
bbd261
What is 11b026 (base 15) in base 5?
204102121
What is -201110222012 (base 3) in base 14?
-9da40
What is -209724 (base 10) in base 7?
-1532304
What is 809695 (base 15) in base 5?
3030404430
Convert 12200212110 (base 3) to base 10.
112170
-331131101 (base 4) to base 8
-753521
Convert -453267 (base 16) to base 4.
-101103021213
Convert -543826 (base 10) to base 8.
-2046122
Convert 39525 (base 12) to base 6.
1403245
4124022 (base 5) to base 8
203473
11335466 (base 7) to base 4
3310111013
What is 4311234223 (base 5) in base 8?
42523535
Convert 14324341 (base 5) to base 3.
21201021221
What is 1d19c8 (base 16) in base 14?
379048
-386343 (base 9) to base 4
-321030303
Convert -384647 (base 9) to base 3.
-102211201121
What is -10200223 (base 4) in base 2?
-100100000101011
Convert -601101 (base 7) to base 12.
-4a703
Convert -75916 (base 16) to base 7.
-4043650
-2899245 (base 11) to base 2
-10010111110101111010001
What is -354012 (base 6) in base 2?
-111011111011000
-30341421 (base 6) to base 15
-1225cd
-3077485 (base 9) to base 7
-16663055
Convert 7c89b3 (base 13) to base 12.
ba9682
What is -18894b (base 12) in base 15?
-8759e
What is 2959d4 (base 15) in base 8?
7465402
What is -102220101112 (base 3) in base 6?
-5004405
61bb (base 12) to base 7
43031
-122333313032 (base 4) to base 2
-11010111111110111001110
Convert 2509741 (base 10) to base 16.
264bad
Convert 3581386 (base 10) to base 14.
693254
What is 55d60b (base 14) in base 4?
23020122223
What is 39939 (base 14) in base 13?
4c6a7
11122304 (base 6) to base 14
8add6
Convert a60b4 (base 15) to base 7.
4322323
Convert -efd11 (base 16) to base 14.
-1b7d97
Convert -101000110011100001111111 (base 2) to base 16.
-a3387f
Convert 934420 (base 10) to base 15.
136cea
133132110 (base 4) to base 5
13111131
What is -343553 (base 12) in base 2?
-1100101111110